{"id":5966,"date":"2023-06-14T09:03:12","date_gmt":"2023-06-14T08:03:12","guid":{"rendered":"https:\/\/www.traceysolicitors.ie\/?post_type=team&#038;p=5966"},"modified":"2023-09-24T13:30:23","modified_gmt":"2023-09-24T12:30:23","slug":"gabriela-kasprzak","status":"publish","type":"team","link":"https:\/\/www.traceysolicitors.ie\/pl\/zespol\/gabriela-kasprzak\/","title":{"rendered":"Gabriela Kasprzak"},"content":{"rendered":"","protected":false},"featured_media":0,"template":"","meta":{"_acf_changed":false,"inline_featured_image":false},"teams":[72],"class_list":["post-5966","team","type-team","status-publish","hentry"],"acf":[],"yoast_head":"<!-- This site is optimized with the Yoast SEO plugin v27.4 - https:\/\/yoast.com\/product\/yoast-seo-wordpress\/ -->\n<title>Gabriela Kasprzak | Tracey Solicitors LLP<\/title>\n<meta name=\"description\" content=\"Gabriela przenios\u0142a si\u0119 z Wroc\u0142awia do Dublina w 2004 roku. Uko\u0144czy\u0142a studia magisterskie na Uniwersytecie Wroc\u0142awskim.\" \/>\n<meta name=\"robots\" content=\"index, follow, max-snippet:-1, max-image-preview:large, max-video-preview:-1\" \/>\n<link rel=\"canonical\" href=\"https:\/\/www.traceysolicitors.ie\/pl\/zespol\/gabriela-kasprzak\/\" \/>\n<meta property=\"og:locale\" content=\"pl_PL\" \/>\n<meta property=\"og:type\" content=\"article\" \/>\n<meta property=\"og:title\" content=\"Gabriela Kasprzak | Tracey Solicitors LLP\" \/>\n<meta property=\"og:description\" content=\"Gabriela przenios\u0142a si\u0119 z Wroc\u0142awia do Dublina w 2004 roku. Uko\u0144czy\u0142a studia magisterskie na Uniwersytecie Wroc\u0142awskim.\" \/>\n<meta property=\"og:url\" content=\"https:\/\/www.traceysolicitors.ie\/pl\/zespol\/gabriela-kasprzak\/\" \/>\n<meta property=\"og:site_name\" content=\"Tracey Solicitors LLP\" \/>\n<meta property=\"article:modified_time\" content=\"2023-09-24T12:30:23+00:00\" \/>\n<meta name=\"twitter:card\" content=\"summary_large_image\" \/>\n<script type=\"application\/ld+json\" class=\"yoast-schema-graph\">{\"@context\":\"https:\\\/\\\/schema.org\",\"@graph\":[{\"@type\":\"WebPage\",\"@id\":\"https:\\\/\\\/www.traceysolicitors.ie\\\/pl\\\/zespol\\\/gabriela-kasprzak\\\/\",\"url\":\"https:\\\/\\\/www.traceysolicitors.ie\\\/pl\\\/zespol\\\/gabriela-kasprzak\\\/\",\"name\":\"Gabriela Kasprzak | Tracey Solicitors LLP\",\"isPartOf\":{\"@id\":\"https:\\\/\\\/www.traceysolicitors.ie\\\/pl\\\/#website\"},\"datePublished\":\"2023-06-14T08:03:12+00:00\",\"dateModified\":\"2023-09-24T12:30:23+00:00\",\"description\":\"Gabriela przenios\u0142a si\u0119 z Wroc\u0142awia do Dublina w 2004 roku. Uko\u0144czy\u0142a studia magisterskie na Uniwersytecie Wroc\u0142awskim.\",\"breadcrumb\":{\"@id\":\"https:\\\/\\\/www.traceysolicitors.ie\\\/pl\\\/zespol\\\/gabriela-kasprzak\\\/#breadcrumb\"},\"inLanguage\":\"pl-IE\",\"potentialAction\":[{\"@type\":\"ReadAction\",\"target\":[\"https:\\\/\\\/www.traceysolicitors.ie\\\/pl\\\/zespol\\\/gabriela-kasprzak\\\/\"]}]},{\"@type\":\"BreadcrumbList\",\"@id\":\"https:\\\/\\\/www.traceysolicitors.ie\\\/pl\\\/zespol\\\/gabriela-kasprzak\\\/#breadcrumb\",\"itemListElement\":[{\"@type\":\"ListItem\",\"position\":1,\"name\":\"Home\",\"item\":\"https:\\\/\\\/www.traceysolicitors.ie\\\/pl\\\/\"},{\"@type\":\"ListItem\",\"position\":2,\"name\":\"Gabriela Kasprzak\"}]},{\"@type\":\"WebSite\",\"@id\":\"https:\\\/\\\/www.traceysolicitors.ie\\\/pl\\\/#website\",\"url\":\"https:\\\/\\\/www.traceysolicitors.ie\\\/pl\\\/\",\"name\":\"Tracey Solicitors LLP\",\"description\":\"Personal Injury Solicitors, Dublin\",\"publisher\":{\"@id\":\"https:\\\/\\\/www.traceysolicitors.ie\\\/pl\\\/#organization\"},\"potentialAction\":[{\"@type\":\"SearchAction\",\"target\":{\"@type\":\"EntryPoint\",\"urlTemplate\":\"https:\\\/\\\/www.traceysolicitors.ie\\\/pl\\\/?s={search_term_string}\"},\"query-input\":{\"@type\":\"PropertyValueSpecification\",\"valueRequired\":true,\"valueName\":\"search_term_string\"}}],\"inLanguage\":\"pl-IE\"},{\"@type\":\"Organization\",\"@id\":\"https:\\\/\\\/www.traceysolicitors.ie\\\/pl\\\/#organization\",\"name\":\"Tracey Solicitors LLP\",\"url\":\"https:\\\/\\\/www.traceysolicitors.ie\\\/pl\\\/\",\"logo\":{\"@type\":\"ImageObject\",\"inLanguage\":\"pl-IE\",\"@id\":\"https:\\\/\\\/www.traceysolicitors.ie\\\/pl\\\/#\\\/schema\\\/logo\\\/image\\\/\",\"url\":\"\",\"contentUrl\":\"\",\"caption\":\"Tracey Solicitors LLP\"},\"image\":{\"@id\":\"https:\\\/\\\/www.traceysolicitors.ie\\\/pl\\\/#\\\/schema\\\/logo\\\/image\\\/\"}}]}<\/script>\n<!-- \/ Yoast SEO plugin. -->","yoast_head_json":{"title":"Gabriela Kasprzak | Tracey Solicitors LLP","description":"Gabriela przenios\u0142a si\u0119 z Wroc\u0142awia do Dublina w 2004 roku. Uko\u0144czy\u0142a studia magisterskie na Uniwersytecie Wroc\u0142awskim.","robots":{"index":"index","follow":"follow","max-snippet":"max-snippet:-1","max-image-preview":"max-image-preview:large","max-video-preview":"max-video-preview:-1"},"canonical":"https:\/\/www.traceysolicitors.ie\/pl\/zespol\/gabriela-kasprzak\/","og_locale":"pl_PL","og_type":"article","og_title":"Gabriela Kasprzak | Tracey Solicitors LLP","og_description":"Gabriela przenios\u0142a si\u0119 z Wroc\u0142awia do Dublina w 2004 roku. Uko\u0144czy\u0142a studia magisterskie na Uniwersytecie Wroc\u0142awskim.","og_url":"https:\/\/www.traceysolicitors.ie\/pl\/zespol\/gabriela-kasprzak\/","og_site_name":"Tracey Solicitors LLP","article_modified_time":"2023-09-24T12:30:23+00:00","twitter_card":"summary_large_image","schema":{"@context":"https:\/\/schema.org","@graph":[{"@type":"WebPage","@id":"https:\/\/www.traceysolicitors.ie\/pl\/zespol\/gabriela-kasprzak\/","url":"https:\/\/www.traceysolicitors.ie\/pl\/zespol\/gabriela-kasprzak\/","name":"Gabriela Kasprzak | Tracey Solicitors LLP","isPartOf":{"@id":"https:\/\/www.traceysolicitors.ie\/pl\/#website"},"datePublished":"2023-06-14T08:03:12+00:00","dateModified":"2023-09-24T12:30:23+00:00","description":"Gabriela przenios\u0142a si\u0119 z Wroc\u0142awia do Dublina w 2004 roku. Uko\u0144czy\u0142a studia magisterskie na Uniwersytecie Wroc\u0142awskim.","breadcrumb":{"@id":"https:\/\/www.traceysolicitors.ie\/pl\/zespol\/gabriela-kasprzak\/#breadcrumb"},"inLanguage":"pl-IE","potentialAction":[{"@type":"ReadAction","target":["https:\/\/www.traceysolicitors.ie\/pl\/zespol\/gabriela-kasprzak\/"]}]},{"@type":"BreadcrumbList","@id":"https:\/\/www.traceysolicitors.ie\/pl\/zespol\/gabriela-kasprzak\/#breadcrumb","itemListElement":[{"@type":"ListItem","position":1,"name":"Home","item":"https:\/\/www.traceysolicitors.ie\/pl\/"},{"@type":"ListItem","position":2,"name":"Gabriela Kasprzak"}]},{"@type":"WebSite","@id":"https:\/\/www.traceysolicitors.ie\/pl\/#website","url":"https:\/\/www.traceysolicitors.ie\/pl\/","name":"Tracey Solicitors LLP","description":"Personal Injury Solicitors, Dublin","publisher":{"@id":"https:\/\/www.traceysolicitors.ie\/pl\/#organization"},"potentialAction":[{"@type":"SearchAction","target":{"@type":"EntryPoint","urlTemplate":"https:\/\/www.traceysolicitors.ie\/pl\/?s={search_term_string}"},"query-input":{"@type":"PropertyValueSpecification","valueRequired":true,"valueName":"search_term_string"}}],"inLanguage":"pl-IE"},{"@type":"Organization","@id":"https:\/\/www.traceysolicitors.ie\/pl\/#organization","name":"Tracey Solicitors LLP","url":"https:\/\/www.traceysolicitors.ie\/pl\/","logo":{"@type":"ImageObject","inLanguage":"pl-IE","@id":"https:\/\/www.traceysolicitors.ie\/pl\/#\/schema\/logo\/image\/","url":"","contentUrl":"","caption":"Tracey Solicitors LLP"},"image":{"@id":"https:\/\/www.traceysolicitors.ie\/pl\/#\/schema\/logo\/image\/"}}]}},"_links":{"self":[{"href":"https:\/\/www.traceysolicitors.ie\/pl\/wp-json\/wp\/v2\/team\/5966","targetHints":{"allow":["GET"]}}],"collection":[{"href":"https:\/\/www.traceysolicitors.ie\/pl\/wp-json\/wp\/v2\/team"}],"about":[{"href":"https:\/\/www.traceysolicitors.ie\/pl\/wp-json\/wp\/v2\/types\/team"}],"wp:attachment":[{"href":"https:\/\/www.traceysolicitors.ie\/pl\/wp-json\/wp\/v2\/media?parent=5966"}],"wp:term":[{"taxonomy":"teams","embeddable":true,"href":"https:\/\/www.traceysolicitors.ie\/pl\/wp-json\/wp\/v2\/teams?post=5966"}],"curies":[{"name":"wp","href":"https:\/\/api.w.org\/{rel}","templated":true}]}}

<!-- This site is optimized with the Yoast SEO plugin v27.4 - https://yoast.com/product/yoast-seo-wordpress/ -->
<title>Gabriela Kasprzak | Tracey Solicitors LLP</title>
<meta name="description" content="Gabriela przeniosła się z Wrocławia do Dublina w 2004 roku. Ukończyła studia magisterskie na Uniwersytecie Wrocławskim." />
<meta name="robots" content="index, follow, max-snippet:-1, max-image-preview:large, max-video-preview:-1" />
<link rel="canonical" href="https://www.traceysolicitors.ie/pl/zespol/gabriela-kasprzak/" />
<meta property="og:locale" content="pl_PL" />
<meta property="og:type" content="article" />
<meta property="og:title" content="Gabriela Kasprzak | Tracey Solicitors LLP" />
<meta property="og:description" content="Gabriela przeniosła się z Wrocławia do Dublina w 2004 roku. Ukończyła studia magisterskie na Uniwersytecie Wrocławskim." />
<meta property="og:url" content="https://www.traceysolicitors.ie/pl/zespol/gabriela-kasprzak/" />
<meta property="og:site_name" content="Tracey Solicitors LLP" />
<meta property="article:modified_time" content="2023-09-24T12:30:23+00:00" />
<meta name="twitter:card" content="summary_large_image" />
<script type="application/ld+json" class="yoast-schema-graph">{"@context":"https:\/\/schema.org","@graph":[{"@type":"WebPage","@id":"https:\/\/www.traceysolicitors.ie\/pl\/zespol\/gabriela-kasprzak\/","url":"https:\/\/www.traceysolicitors.ie\/pl\/zespol\/gabriela-kasprzak\/","name":"Gabriela Kasprzak | Tracey Solicitors LLP","isPartOf":{"@id":"https:\/\/www.traceysolicitors.ie\/pl\/#website"},"datePublished":"2023-06-14T08:03:12+00:00","dateModified":"2023-09-24T12:30:23+00:00","description":"Gabriela przeniosła się z Wrocławia do Dublina w 2004 roku. Ukończyła studia magisterskie na Uniwersytecie Wrocławskim.","breadcrumb":{"@id":"https:\/\/www.traceysolicitors.ie\/pl\/zespol\/gabriela-kasprzak\/#breadcrumb"},"inLanguage":"pl-IE","potentialAction":[{"@type":"ReadAction","target":["https:\/\/www.traceysolicitors.ie\/pl\/zespol\/gabriela-kasprzak\/"]}]},{"@type":"BreadcrumbList","@id":"https:\/\/www.traceysolicitors.ie\/pl\/zespol\/gabriela-kasprzak\/#breadcrumb","itemListElement":[{"@type":"ListItem","position":1,"name":"Home","item":"https:\/\/www.traceysolicitors.ie\/pl\/"},{"@type":"ListItem","position":2,"name":"Gabriela Kasprzak"}]},{"@type":"WebSite","@id":"https:\/\/www.traceysolicitors.ie\/pl\/#website","url":"https:\/\/www.traceysolicitors.ie\/pl\/","name":"Tracey Solicitors LLP","description":"Personal Injury Solicitors, Dublin","publisher":{"@id":"https:\/\/www.traceysolicitors.ie\/pl\/#organization"},"potentialAction":[{"@type":"SearchAction","target":{"@type":"EntryPoint","urlTemplate":"https:\/\/www.traceysolicitors.ie\/pl\/?s={search_term_string}"},"query-input":{"@type":"PropertyValueSpecification","valueRequired":true,"valueName":"search_term_string"}}],"inLanguage":"pl-IE"},{"@type":"Organization","@id":"https:\/\/www.traceysolicitors.ie\/pl\/#organization","name":"Tracey Solicitors LLP","url":"https:\/\/www.traceysolicitors.ie\/pl\/","logo":{"@type":"ImageObject","inLanguage":"pl-IE","@id":"https:\/\/www.traceysolicitors.ie\/pl\/#\/schema\/logo\/image\/","url":"","contentUrl":"","caption":"Tracey Solicitors LLP"},"image":{"@id":"https:\/\/www.traceysolicitors.ie\/pl\/#\/schema\/logo\/image\/"}}]}</script>
<!-- / Yoast SEO plugin. -->

Gabriela przeniosła się z Wrocławia do Dublina w 2004 roku. Ukończyła studia magisterskie na Uniwersytecie Wrocławskim.
