{"id":6833,"date":"2024-04-22T11:54:08","date_gmt":"2024-04-22T10:54:08","guid":{"rendered":"https:\/\/www.traceysolicitors.ie\/accident-at-work\/urazy-psychiczne-wynikajace-z-moderowania-drastycznych-tresci\/"},"modified":"2024-04-24T09:05:23","modified_gmt":"2024-04-24T08:05:23","slug":"urazy-psychiczne-wynikajace-z-moderowania-drastycznych-tresci","status":"publish","type":"acc_at_work","link":"https:\/\/www.traceysolicitors.ie\/pl\/wypadki-w-miejscu-pracy\/urazy-psychiczne-wynikajace-z-moderowania-drastycznych-tresci\/","title":{"rendered":"Urazy psychiczne wynikaj\u0105ce z moderowania drastycznych tre\u015bci"},"template":"","meta":{"_acf_changed":false,"inline_featured_image":false},"accident_article_type":[35],"class_list":["post-6833","acc_at_work","type-acc_at_work","status-publish","hentry"],"acf":[],"yoast_head":"<!-- This site is optimized with the Yoast SEO plugin v27.4 - https:\/\/yoast.com\/product\/yoast-seo-wordpress\/ -->\n<title>Uraz psychiczny u moderator\u00f3w tre\u015bci* | Tracey Solicitors LLP<\/title>\n<meta name=\"description\" content=\"Je\u015bli dozna\u0142e\u015b urazu psychicznego w wyniku ogl\u0105dania wra\u017cliwych tre\u015bci, skontaktuj si\u0119 z cz\u0142onkiem naszego zespo\u0142u prawnego ds. szk\u00f3d osobowych ju\u017c dzi\u015b, aby dowiedzie\u0107 si\u0119, czy mo\u017cemy Ci pom\u00f3c.\" \/>\n<meta name=\"robots\" content=\"index, follow, max-snippet:-1, max-image-preview:large, max-video-preview:-1\" \/>\n<link rel=\"canonical\" href=\"https:\/\/www.traceysolicitors.ie\/pl\/wypadki-w-miejscu-pracy\/urazy-psychiczne-wynikajace-z-moderowania-drastycznych-tresci\/\" \/>\n<meta property=\"og:locale\" content=\"pl_PL\" \/>\n<meta property=\"og:type\" content=\"article\" \/>\n<meta property=\"og:title\" content=\"Uraz psychiczny u moderator\u00f3w tre\u015bci* | Tracey Solicitors LLP\" \/>\n<meta property=\"og:description\" content=\"Je\u015bli dozna\u0142e\u015b urazu psychicznego w wyniku ogl\u0105dania wra\u017cliwych tre\u015bci, skontaktuj si\u0119 z cz\u0142onkiem naszego zespo\u0142u prawnego ds. szk\u00f3d osobowych ju\u017c dzi\u015b, aby dowiedzie\u0107 si\u0119, czy mo\u017cemy Ci pom\u00f3c.\" \/>\n<meta property=\"og:url\" content=\"https:\/\/www.traceysolicitors.ie\/pl\/wypadki-w-miejscu-pracy\/urazy-psychiczne-wynikajace-z-moderowania-drastycznych-tresci\/\" \/>\n<meta property=\"og:site_name\" content=\"Tracey Solicitors LLP\" \/>\n<meta property=\"article:modified_time\" content=\"2024-04-24T08:05:23+00:00\" \/>\n<meta name=\"twitter:card\" content=\"summary_large_image\" \/>\n<script type=\"application\/ld+json\" class=\"yoast-schema-graph\">{\"@context\":\"https:\\\/\\\/schema.org\",\"@graph\":[{\"@type\":\"WebPage\",\"@id\":\"https:\\\/\\\/www.traceysolicitors.ie\\\/pl\\\/wypadki-w-miejscu-pracy\\\/urazy-psychiczne-wynikajace-z-moderowania-drastycznych-tresci\\\/\",\"url\":\"https:\\\/\\\/www.traceysolicitors.ie\\\/pl\\\/wypadki-w-miejscu-pracy\\\/urazy-psychiczne-wynikajace-z-moderowania-drastycznych-tresci\\\/\",\"name\":\"Uraz psychiczny u moderator\u00f3w tre\u015bci* | Tracey Solicitors LLP\",\"isPartOf\":{\"@id\":\"https:\\\/\\\/www.traceysolicitors.ie\\\/pl\\\/#website\"},\"datePublished\":\"2024-04-22T10:54:08+00:00\",\"dateModified\":\"2024-04-24T08:05:23+00:00\",\"description\":\"Je\u015bli dozna\u0142e\u015b urazu psychicznego w wyniku ogl\u0105dania wra\u017cliwych tre\u015bci, skontaktuj si\u0119 z cz\u0142onkiem naszego zespo\u0142u prawnego ds. szk\u00f3d osobowych ju\u017c dzi\u015b, aby dowiedzie\u0107 si\u0119, czy mo\u017cemy Ci pom\u00f3c.\",\"breadcrumb\":{\"@id\":\"https:\\\/\\\/www.traceysolicitors.ie\\\/pl\\\/wypadki-w-miejscu-pracy\\\/urazy-psychiczne-wynikajace-z-moderowania-drastycznych-tresci\\\/#breadcrumb\"},\"inLanguage\":\"pl-IE\",\"potentialAction\":[{\"@type\":\"ReadAction\",\"target\":[\"https:\\\/\\\/www.traceysolicitors.ie\\\/pl\\\/wypadki-w-miejscu-pracy\\\/urazy-psychiczne-wynikajace-z-moderowania-drastycznych-tresci\\\/\"]}]},{\"@type\":\"BreadcrumbList\",\"@id\":\"https:\\\/\\\/www.traceysolicitors.ie\\\/pl\\\/wypadki-w-miejscu-pracy\\\/urazy-psychiczne-wynikajace-z-moderowania-drastycznych-tresci\\\/#breadcrumb\",\"itemListElement\":[{\"@type\":\"ListItem\",\"position\":1,\"name\":\"Home\",\"item\":\"https:\\\/\\\/www.traceysolicitors.ie\\\/pl\\\/\"},{\"@type\":\"ListItem\",\"position\":2,\"name\":\"Urazy psychiczne wynikaj\u0105ce z moderowania drastycznych tre\u015bci\"}]},{\"@type\":\"WebSite\",\"@id\":\"https:\\\/\\\/www.traceysolicitors.ie\\\/pl\\\/#website\",\"url\":\"https:\\\/\\\/www.traceysolicitors.ie\\\/pl\\\/\",\"name\":\"Tracey Solicitors LLP\",\"description\":\"Personal Injury Solicitors, Dublin\",\"publisher\":{\"@id\":\"https:\\\/\\\/www.traceysolicitors.ie\\\/pl\\\/#organization\"},\"potentialAction\":[{\"@type\":\"SearchAction\",\"target\":{\"@type\":\"EntryPoint\",\"urlTemplate\":\"https:\\\/\\\/www.traceysolicitors.ie\\\/pl\\\/?s={search_term_string}\"},\"query-input\":{\"@type\":\"PropertyValueSpecification\",\"valueRequired\":true,\"valueName\":\"search_term_string\"}}],\"inLanguage\":\"pl-IE\"},{\"@type\":\"Organization\",\"@id\":\"https:\\\/\\\/www.traceysolicitors.ie\\\/pl\\\/#organization\",\"name\":\"Tracey Solicitors LLP\",\"url\":\"https:\\\/\\\/www.traceysolicitors.ie\\\/pl\\\/\",\"logo\":{\"@type\":\"ImageObject\",\"inLanguage\":\"pl-IE\",\"@id\":\"https:\\\/\\\/www.traceysolicitors.ie\\\/pl\\\/#\\\/schema\\\/logo\\\/image\\\/\",\"url\":\"\",\"contentUrl\":\"\",\"caption\":\"Tracey Solicitors LLP\"},\"image\":{\"@id\":\"https:\\\/\\\/www.traceysolicitors.ie\\\/pl\\\/#\\\/schema\\\/logo\\\/image\\\/\"}}]}<\/script>\n<!-- \/ Yoast SEO plugin. -->","yoast_head_json":{"title":"Uraz psychiczny u moderator\u00f3w tre\u015bci* | Tracey Solicitors LLP","description":"Je\u015bli dozna\u0142e\u015b urazu psychicznego w wyniku ogl\u0105dania wra\u017cliwych tre\u015bci, skontaktuj si\u0119 z cz\u0142onkiem naszego zespo\u0142u prawnego ds. szk\u00f3d osobowych ju\u017c dzi\u015b, aby dowiedzie\u0107 si\u0119, czy mo\u017cemy Ci pom\u00f3c.","robots":{"index":"index","follow":"follow","max-snippet":"max-snippet:-1","max-image-preview":"max-image-preview:large","max-video-preview":"max-video-preview:-1"},"canonical":"https:\/\/www.traceysolicitors.ie\/pl\/wypadki-w-miejscu-pracy\/urazy-psychiczne-wynikajace-z-moderowania-drastycznych-tresci\/","og_locale":"pl_PL","og_type":"article","og_title":"Uraz psychiczny u moderator\u00f3w tre\u015bci* | Tracey Solicitors LLP","og_description":"Je\u015bli dozna\u0142e\u015b urazu psychicznego w wyniku ogl\u0105dania wra\u017cliwych tre\u015bci, skontaktuj si\u0119 z cz\u0142onkiem naszego zespo\u0142u prawnego ds. szk\u00f3d osobowych ju\u017c dzi\u015b, aby dowiedzie\u0107 si\u0119, czy mo\u017cemy Ci pom\u00f3c.","og_url":"https:\/\/www.traceysolicitors.ie\/pl\/wypadki-w-miejscu-pracy\/urazy-psychiczne-wynikajace-z-moderowania-drastycznych-tresci\/","og_site_name":"Tracey Solicitors LLP","article_modified_time":"2024-04-24T08:05:23+00:00","twitter_card":"summary_large_image","schema":{"@context":"https:\/\/schema.org","@graph":[{"@type":"WebPage","@id":"https:\/\/www.traceysolicitors.ie\/pl\/wypadki-w-miejscu-pracy\/urazy-psychiczne-wynikajace-z-moderowania-drastycznych-tresci\/","url":"https:\/\/www.traceysolicitors.ie\/pl\/wypadki-w-miejscu-pracy\/urazy-psychiczne-wynikajace-z-moderowania-drastycznych-tresci\/","name":"Uraz psychiczny u moderator\u00f3w tre\u015bci* | Tracey Solicitors LLP","isPartOf":{"@id":"https:\/\/www.traceysolicitors.ie\/pl\/#website"},"datePublished":"2024-04-22T10:54:08+00:00","dateModified":"2024-04-24T08:05:23+00:00","description":"Je\u015bli dozna\u0142e\u015b urazu psychicznego w wyniku ogl\u0105dania wra\u017cliwych tre\u015bci, skontaktuj si\u0119 z cz\u0142onkiem naszego zespo\u0142u prawnego ds. szk\u00f3d osobowych ju\u017c dzi\u015b, aby dowiedzie\u0107 si\u0119, czy mo\u017cemy Ci pom\u00f3c.","breadcrumb":{"@id":"https:\/\/www.traceysolicitors.ie\/pl\/wypadki-w-miejscu-pracy\/urazy-psychiczne-wynikajace-z-moderowania-drastycznych-tresci\/#breadcrumb"},"inLanguage":"pl-IE","potentialAction":[{"@type":"ReadAction","target":["https:\/\/www.traceysolicitors.ie\/pl\/wypadki-w-miejscu-pracy\/urazy-psychiczne-wynikajace-z-moderowania-drastycznych-tresci\/"]}]},{"@type":"BreadcrumbList","@id":"https:\/\/www.traceysolicitors.ie\/pl\/wypadki-w-miejscu-pracy\/urazy-psychiczne-wynikajace-z-moderowania-drastycznych-tresci\/#breadcrumb","itemListElement":[{"@type":"ListItem","position":1,"name":"Home","item":"https:\/\/www.traceysolicitors.ie\/pl\/"},{"@type":"ListItem","position":2,"name":"Urazy psychiczne wynikaj\u0105ce z moderowania drastycznych tre\u015bci"}]},{"@type":"WebSite","@id":"https:\/\/www.traceysolicitors.ie\/pl\/#website","url":"https:\/\/www.traceysolicitors.ie\/pl\/","name":"Tracey Solicitors LLP","description":"Personal Injury Solicitors, Dublin","publisher":{"@id":"https:\/\/www.traceysolicitors.ie\/pl\/#organization"},"potentialAction":[{"@type":"SearchAction","target":{"@type":"EntryPoint","urlTemplate":"https:\/\/www.traceysolicitors.ie\/pl\/?s={search_term_string}"},"query-input":{"@type":"PropertyValueSpecification","valueRequired":true,"valueName":"search_term_string"}}],"inLanguage":"pl-IE"},{"@type":"Organization","@id":"https:\/\/www.traceysolicitors.ie\/pl\/#organization","name":"Tracey Solicitors LLP","url":"https:\/\/www.traceysolicitors.ie\/pl\/","logo":{"@type":"ImageObject","inLanguage":"pl-IE","@id":"https:\/\/www.traceysolicitors.ie\/pl\/#\/schema\/logo\/image\/","url":"","contentUrl":"","caption":"Tracey Solicitors LLP"},"image":{"@id":"https:\/\/www.traceysolicitors.ie\/pl\/#\/schema\/logo\/image\/"}}]}},"_links":{"self":[{"href":"https:\/\/www.traceysolicitors.ie\/pl\/wp-json\/wp\/v2\/acc_at_work\/6833","targetHints":{"allow":["GET"]}}],"collection":[{"href":"https:\/\/www.traceysolicitors.ie\/pl\/wp-json\/wp\/v2\/acc_at_work"}],"about":[{"href":"https:\/\/www.traceysolicitors.ie\/pl\/wp-json\/wp\/v2\/types\/acc_at_work"}],"wp:attachment":[{"href":"https:\/\/www.traceysolicitors.ie\/pl\/wp-json\/wp\/v2\/media?parent=6833"}],"wp:term":[{"taxonomy":"accident_article_type","embeddable":true,"href":"https:\/\/www.traceysolicitors.ie\/pl\/wp-json\/wp\/v2\/accident_article_type?post=6833"}],"curies":[{"name":"wp","href":"https:\/\/api.w.org\/{rel}","templated":true}]}}

Urazy psychiczne wynikające z moderowania drastycznych treści

<!-- This site is optimized with the Yoast SEO plugin v27.4 - https://yoast.com/product/yoast-seo-wordpress/ -->
<title>Uraz psychiczny u moderatorów treści* | Tracey Solicitors LLP</title>
<meta name="description" content="Jeśli doznałeś urazu psychicznego w wyniku oglądania wrażliwych treści, skontaktuj się z członkiem naszego zespołu prawnego ds. szkód osobowych już dziś, aby dowiedzieć się, czy możemy Ci pomóc." />
<meta name="robots" content="index, follow, max-snippet:-1, max-image-preview:large, max-video-preview:-1" />
<link rel="canonical" href="https://www.traceysolicitors.ie/pl/wypadki-w-miejscu-pracy/urazy-psychiczne-wynikajace-z-moderowania-drastycznych-tresci/" />
<meta property="og:locale" content="pl_PL" />
<meta property="og:type" content="article" />
<meta property="og:title" content="Uraz psychiczny u moderatorów treści* | Tracey Solicitors LLP" />
<meta property="og:description" content="Jeśli doznałeś urazu psychicznego w wyniku oglądania wrażliwych treści, skontaktuj się z członkiem naszego zespołu prawnego ds. szkód osobowych już dziś, aby dowiedzieć się, czy możemy Ci pomóc." />
<meta property="og:url" content="https://www.traceysolicitors.ie/pl/wypadki-w-miejscu-pracy/urazy-psychiczne-wynikajace-z-moderowania-drastycznych-tresci/" />
<meta property="og:site_name" content="Tracey Solicitors LLP" />
<meta property="article:modified_time" content="2024-04-24T08:05:23+00:00" />
<meta name="twitter:card" content="summary_large_image" />
<script type="application/ld+json" class="yoast-schema-graph">{"@context":"https:\/\/schema.org","@graph":[{"@type":"WebPage","@id":"https:\/\/www.traceysolicitors.ie\/pl\/wypadki-w-miejscu-pracy\/urazy-psychiczne-wynikajace-z-moderowania-drastycznych-tresci\/","url":"https:\/\/www.traceysolicitors.ie\/pl\/wypadki-w-miejscu-pracy\/urazy-psychiczne-wynikajace-z-moderowania-drastycznych-tresci\/","name":"Uraz psychiczny u moderatorów treści* | Tracey Solicitors LLP","isPartOf":{"@id":"https:\/\/www.traceysolicitors.ie\/pl\/#website"},"datePublished":"2024-04-22T10:54:08+00:00","dateModified":"2024-04-24T08:05:23+00:00","description":"Jeśli doznałeś urazu psychicznego w wyniku oglądania wrażliwych treści, skontaktuj się z członkiem naszego zespołu prawnego ds. szkód osobowych już dziś, aby dowiedzieć się, czy możemy Ci pomóc.","breadcrumb":{"@id":"https:\/\/www.traceysolicitors.ie\/pl\/wypadki-w-miejscu-pracy\/urazy-psychiczne-wynikajace-z-moderowania-drastycznych-tresci\/#breadcrumb"},"inLanguage":"pl-IE","potentialAction":[{"@type":"ReadAction","target":["https:\/\/www.traceysolicitors.ie\/pl\/wypadki-w-miejscu-pracy\/urazy-psychiczne-wynikajace-z-moderowania-drastycznych-tresci\/"]}]},{"@type":"BreadcrumbList","@id":"https:\/\/www.traceysolicitors.ie\/pl\/wypadki-w-miejscu-pracy\/urazy-psychiczne-wynikajace-z-moderowania-drastycznych-tresci\/#breadcrumb","itemListElement":[{"@type":"ListItem","position":1,"name":"Home","item":"https:\/\/www.traceysolicitors.ie\/pl\/"},{"@type":"ListItem","position":2,"name":"Urazy psychiczne wynikające z moderowania drastycznych treści"}]},{"@type":"WebSite","@id":"https:\/\/www.traceysolicitors.ie\/pl\/#website","url":"https:\/\/www.traceysolicitors.ie\/pl\/","name":"Tracey Solicitors LLP","description":"Personal Injury Solicitors, Dublin","publisher":{"@id":"https:\/\/www.traceysolicitors.ie\/pl\/#organization"},"potentialAction":[{"@type":"SearchAction","target":{"@type":"EntryPoint","urlTemplate":"https:\/\/www.traceysolicitors.ie\/pl\/?s={search_term_string}"},"query-input":{"@type":"PropertyValueSpecification","valueRequired":true,"valueName":"search_term_string"}}],"inLanguage":"pl-IE"},{"@type":"Organization","@id":"https:\/\/www.traceysolicitors.ie\/pl\/#organization","name":"Tracey Solicitors LLP","url":"https:\/\/www.traceysolicitors.ie\/pl\/","logo":{"@type":"ImageObject","inLanguage":"pl-IE","@id":"https:\/\/www.traceysolicitors.ie\/pl\/#\/schema\/logo\/image\/","url":"","contentUrl":"","caption":"Tracey Solicitors LLP"},"image":{"@id":"https:\/\/www.traceysolicitors.ie\/pl\/#\/schema\/logo\/image\/"}}]}</script>
<!-- / Yoast SEO plugin. -->

Uraz psychiczny u moderatorów treści* | Tracey Solicitors LLP

Jeśli doznałeś urazu psychicznego w wyniku oglądania wrażliwych treści, skontaktuj się z członkiem naszego zespołu prawnego ds. szkód osobowych już dziś, aby dowiedzieć się, czy możemy Ci pomóc.
